{"id":1847,"date":"2022-12-19T13:27:33","date_gmt":"2022-12-19T10:27:33","guid":{"rendered":"https:\/\/ccoskuninsaat.com\/?page_id=1847"},"modified":"2023-05-01T12:15:19","modified_gmt":"2023-05-01T09:15:19","slug":"yurt-disi-projeler","status":"publish","type":"page","link":"http:\/\/ccoskuninsaat.com\/index.php\/yurt-disi-projeler\/","title":{"rendered":"Yurt D\u0131\u015f\u0131 Projeler"},"content":{"rendered":"\t\t<div data-elementor-type=\"wp-page\" data-elementor-id=\"1847\" class=\"elementor elementor-1847\">\n\t\t\t\t\t\t\t<div class=\"elementor-element elementor-element-18ce902 e-con-boxed e-con\" data-id=\"18ce902\" data-element_type=\"container\" data-settings=\"{&quot;content_width&quot;:&quot;boxed&quot;}\">\n\t\t\t\t\t<div class=\"e-con-inner\">\n\t\t<div class=\"elementor-element elementor-element-a364ab1 e-con-boxed e-con\" data-id=\"a364ab1\" data-element_type=\"container\" data-settings=\"{&quot;content_width&quot;:&quot;boxed&quot;}\">\n\t\t\t\t\t<div class=\"e-con-inner\">\n\t\t\t\t<div class=\"elementor-element elementor-element-c38bdaf elementor-widget elementor-widget-heading\" data-id=\"c38bdaf\" data-element_type=\"widget\" data-widget_type=\"heading.default\">\n\t\t\t\t<div class=\"elementor-widget-container\">\n\t\t\t<style>\/*! elementor - v3.9.0 - 06-12-2022 *\/\n.elementor-heading-title{padding:0;margin:0;line-height:1}.elementor-widget-heading .elementor-heading-title[class*=elementor-size-]>a{color:inherit;font-size:inherit;line-height:inherit}.elementor-widget-heading .elementor-heading-title.elementor-size-small{font-size:15px}.elementor-widget-heading .elementor-heading-title.elementor-size-medium{font-size:19px}.elementor-widget-heading .elementor-heading-title.elementor-size-large{font-size:29px}.elementor-widget-heading .elementor-heading-title.elementor-size-xl{font-size:39px}.elementor-widget-heading .elementor-heading-title.elementor-size-xxl{font-size:59px}<\/style><h2 class=\"elementor-heading-title elementor-size-default\">Yurt D\u0131\u015f\u0131 Projeler<\/h2>\t\t<\/div>\n\t\t\t\t<\/div>\n\t\t\t\t\t<\/div>\n\t\t\t\t<\/div>\n\t\t\t\t\t<\/div>\n\t\t\t\t<\/div>\n\t\t<div class=\"elementor-element elementor-element-a476ee1 e-con-boxed e-con\" data-id=\"a476ee1\" data-element_type=\"container\" data-settings=\"{&quot;content_width&quot;:&quot;boxed&quot;}\">\n\t\t\t\t\t<div class=\"e-con-inner\">\n\t\t<div class=\"elementor-element elementor-element-eef918c e-con-full e-con\" data-id=\"eef918c\" data-element_type=\"container\" data-settings=\"{&quot;content_width&quot;:&quot;full&quot;}\">\n\t\t\t\t<div class=\"elementor-element elementor-element-ff144c3 elementor-widget elementor-widget-text-editor\" data-id=\"ff144c3\" data-element_type=\"widget\" data-widget_type=\"text-editor.default\">\n\t\t\t\t<div class=\"elementor-widget-container\">\n\t\t\t<style>\/*! elementor - v3.9.0 - 06-12-2022 *\/\n.elementor-widget-text-editor.elementor-drop-cap-view-stacked .elementor-drop-cap{background-color:#818a91;color:#fff}.elementor-widget-text-editor.elementor-drop-cap-view-framed .elementor-drop-cap{color:#818a91;border:3px solid;background-color:transparent}.elementor-widget-text-editor:not(.elementor-drop-cap-view-default) .elementor-drop-cap{margin-top:8px}.elementor-widget-text-editor:not(.elementor-drop-cap-view-default) .elementor-drop-cap-letter{width:1em;height:1em}.elementor-widget-text-editor .elementor-drop-cap{float:left;text-align:center;line-height:1;font-size:50px}.elementor-widget-text-editor .elementor-drop-cap-letter{display:inline-block}<\/style>\t\t\t\t<h5><strong>STAB\u0130L M.M.C.\/ D\u0130A HOLD\u0130NG<\/strong><\/h5><h5><strong>AZERBAYCAN BAK\u00dc<\/strong><\/h5><p><strong>Proje \u0130\u00e7eri\u011fi:<\/strong> Bilgeh 80 Adet Villa \u0130n\u015faat\u0131, \u0130nce \u0130\u015fler Projesi.<\/p>\t\t\t\t\t\t<\/div>\n\t\t\t\t<\/div>\n\t\t\t\t<\/div>\n\t\t<div class=\"elementor-element elementor-element-4fb5540 e-con-full e-con\" data-id=\"4fb5540\" data-element_type=\"container\" data-settings=\"{&quot;content_width&quot;:&quot;full&quot;}\">\n\t\t\t\t<div class=\"elementor-element elementor-element-afec44a elementor-widget elementor-widget-image-gallery\" data-id=\"afec44a\" data-element_type=\"widget\" data-widget_type=\"image-gallery.default\">\n\t\t\t\t<div class=\"elementor-widget-container\">\n\t\t\t<style>\/*! elementor - v3.9.0 - 06-12-2022 *\/\n.elementor-image-gallery .gallery-item{display:inline-block;text-align:center;vertical-align:top;width:100%;max-width:100%;margin:0 auto}.elementor-image-gallery .gallery-item img{margin:0 auto}.elementor-image-gallery .gallery-item .gallery-caption{margin:0}.elementor-image-gallery figure img{display:block}.elementor-image-gallery figure figcaption{width:100%}.gallery-spacing-custom .elementor-image-gallery .gallery-icon{padding:0}@media (min-width:768px){.elementor-image-gallery .gallery-columns-2 .gallery-item{max-width:50%}.elementor-image-gallery .gallery-columns-3 .gallery-item{max-width:33.33%}.elementor-image-gallery .gallery-columns-4 .gallery-item{max-width:25%}.elementor-image-gallery .gallery-columns-5 .gallery-item{max-width:20%}.elementor-image-gallery .gallery-columns-6 .gallery-item{max-width:16.666%}.elementor-image-gallery .gallery-columns-7 .gallery-item{max-width:14.28%}.elementor-image-gallery .gallery-columns-8 .gallery-item{max-width:12.5%}.elementor-image-gallery .gallery-columns-9 .gallery-item{max-width:11.11%}.elementor-image-gallery .gallery-columns-10 .gallery-item{max-width:10%}}@media (min-width:480px) and (max-width:767px){.elementor-image-gallery .gallery.gallery-columns-2 .gallery-item,.elementor-image-gallery .gallery.gallery-columns-3 .gallery-item,.elementor-image-gallery .gallery.gallery-columns-4 .gallery-item,.elementor-image-gallery .gallery.gallery-columns-5 .gallery-item,.elementor-image-gallery .gallery.gallery-columns-6 .gallery-item,.elementor-image-gallery .gallery.gallery-columns-7 .gallery-item,.elementor-image-gallery .gallery.gallery-columns-8 .gallery-item,.elementor-image-gallery .gallery.gallery-columns-9 .gallery-item,.elementor-image-gallery .gallery.gallery-columns-10 .gallery-item{max-width:50%}}@media (max-width:479px){.elementor-image-gallery .gallery.gallery-columns-2 .gallery-item,.elementor-image-gallery .gallery.gallery-columns-3 .gallery-item,.elementor-image-gallery .gallery.gallery-columns-4 .gallery-item,.elementor-image-gallery .gallery.gallery-columns-5 .gallery-item,.elementor-image-gallery .gallery.gallery-columns-6 .gallery-item,.elementor-image-gallery .gallery.gallery-columns-7 .gallery-item,.elementor-image-gallery .gallery.gallery-columns-8 .gallery-item,.elementor-image-gallery .gallery.gallery-columns-9 .gallery-item,.elementor-image-gallery .gallery.gallery-columns-10 .gallery-item{max-width:100%}}<\/style>\t\t<div class=\"elementor-image-gallery\">\n\t\t\t<div id='gallery-1' class='gallery galleryid-1847 gallery-columns-4 gallery-size-thumbnail'><figure class='gallery-item'>\n\t\t\t<div class='gallery-icon landscape'>\n\t\t\t\t<a data-elementor-open-lightbox=\"yes\" data-elementor-lightbox-slideshow=\"afec44a\" data-elementor-lightbox-title=\"2\" e-action-hash=\"#elementor-action%3Aaction%3Dlightbox%26settings%3DeyJpZCI6MjUwMCwidXJsIjoiaHR0cDpcL1wvY2Nvc2t1bmluc2FhdC5jb21cL3dwLWNvbnRlbnRcL3VwbG9hZHNcLzIwMjNcLzA1XC8yLmpwZyIsInNsaWRlc2hvdyI6ImFmZWM0NGEifQ%3D%3D\" href='http:\/\/ccoskuninsaat.com\/wp-content\/uploads\/2023\/05\/2.jpg'><img loading=\"lazy\" width=\"150\" height=\"150\" src=\"http:\/\/ccoskuninsaat.com\/wp-content\/uploads\/2023\/05\/2-150x150.jpg\" class=\"attachment-thumbnail size-thumbnail\" alt=\"\" \/><\/a>\n\t\t\t<\/div><\/figure><figure class='gallery-item'>\n\t\t\t<div class='gallery-icon landscape'>\n\t\t\t\t<a data-elementor-open-lightbox=\"yes\" data-elementor-lightbox-slideshow=\"afec44a\" data-elementor-lightbox-title=\"1\" e-action-hash=\"#elementor-action%3Aaction%3Dlightbox%26settings%3DeyJpZCI6MjQ5OSwidXJsIjoiaHR0cDpcL1wvY2Nvc2t1bmluc2FhdC5jb21cL3dwLWNvbnRlbnRcL3VwbG9hZHNcLzIwMjNcLzA1XC8xLmpwZyIsInNsaWRlc2hvdyI6ImFmZWM0NGEifQ%3D%3D\" href='http:\/\/ccoskuninsaat.com\/wp-content\/uploads\/2023\/05\/1.jpg'><img loading=\"lazy\" width=\"150\" height=\"150\" src=\"http:\/\/ccoskuninsaat.com\/wp-content\/uploads\/2023\/05\/1-150x150.jpg\" class=\"attachment-thumbnail size-thumbnail\" alt=\"\" \/><\/a>\n\t\t\t<\/div><\/figure><figure class='gallery-item'>\n\t\t\t<div class='gallery-icon landscape'>\n\t\t\t\t<a data-elementor-open-lightbox=\"yes\" data-elementor-lightbox-slideshow=\"afec44a\" data-elementor-lightbox-title=\"BAK\u00dc B\u0130LGEH 2\" e-action-hash=\"#elementor-action%3Aaction%3Dlightbox%26settings%3DeyJpZCI6MjUwMiwidXJsIjoiaHR0cDpcL1wvY2Nvc2t1bmluc2FhdC5jb21cL3dwLWNvbnRlbnRcL3VwbG9hZHNcLzIwMjNcLzA1XC9CQUtVLUJJTEdFSC0yLmpwZyIsInNsaWRlc2hvdyI6ImFmZWM0NGEifQ%3D%3D\" href='http:\/\/ccoskuninsaat.com\/wp-content\/uploads\/2023\/05\/BAKU-BILGEH-2.jpg'><img loading=\"lazy\" width=\"150\" height=\"150\" src=\"http:\/\/ccoskuninsaat.com\/wp-content\/uploads\/2023\/05\/BAKU-BILGEH-2-150x150.jpg\" class=\"attachment-thumbnail size-thumbnail\" alt=\"\" \/><\/a>\n\t\t\t<\/div><\/figure>\n\t\t<\/div>\n\t\t<\/div>\n\t\t\t\t<\/div>\n\t\t\t\t<\/div>\n\t\t\t\t<\/div>\n\t\t\t\t\t<\/div>\n\t\t\t\t<\/div>\n\t\t<div class=\"elementor-element elementor-element-ed01596 e-con-boxed e-con\" data-id=\"ed01596\" data-element_type=\"container\" data-settings=\"{&quot;content_width&quot;:&quot;boxed&quot;}\">\n\t\t\t\t\t<div class=\"e-con-inner\">\n\t\t<div class=\"elementor-element elementor-element-91a709c e-con-full e-con\" data-id=\"91a709c\" data-element_type=\"container\" data-settings=\"{&quot;content_width&quot;:&quot;full&quot;}\">\n\t\t\t\t<div class=\"elementor-element elementor-element-4d1db57 elementor-widget elementor-widget-text-editor\" data-id=\"4d1db57\" data-element_type=\"widget\" data-widget_type=\"text-editor.default\">\n\t\t\t\t<div class=\"elementor-widget-container\">\n\t\t\t\t\t\t\t<h5>EL-SERV\u0130S MMC \/ D\u0130A HOLD\u0130NG<\/h5><h5><strong>AZERBAYCAN BAK\u00dc<\/strong><\/h5><p><strong>Proje \u0130\u00e7eri\u011fi:<\/strong> Bak\u00fc Premium 53 Adet Villa \u0130n\u015faat\u0131, \u0130nce \u0130\u015fler Projesi.<\/p>\t\t\t\t\t\t<\/div>\n\t\t\t\t<\/div>\n\t\t\t\t<\/div>\n\t\t<div class=\"elementor-element elementor-element-be52398 e-con-full e-con\" data-id=\"be52398\" data-element_type=\"container\" data-settings=\"{&quot;content_width&quot;:&quot;full&quot;}\">\n\t\t\t\t<div class=\"elementor-element elementor-element-4376ce8 elementor-widget elementor-widget-image-gallery\" data-id=\"4376ce8\" data-element_type=\"widget\" data-widget_type=\"image-gallery.default\">\n\t\t\t\t<div class=\"elementor-widget-container\">\n\t\t\t\t\t<div class=\"elementor-image-gallery\">\n\t\t\t<div id='gallery-2' class='gallery galleryid-1847 gallery-columns-4 gallery-size-thumbnail'><figure class='gallery-item'>\n\t\t\t<div class='gallery-icon landscape'>\n\t\t\t\t<a data-elementor-open-lightbox=\"yes\" data-elementor-lightbox-slideshow=\"4376ce8\" data-elementor-lightbox-title=\"BAK\u00dc YE\u015e\u0130LVAD\u0130 2\" e-action-hash=\"#elementor-action%3Aaction%3Dlightbox%26settings%3DeyJpZCI6MjUxMSwidXJsIjoiaHR0cDpcL1wvY2Nvc2t1bmluc2FhdC5jb21cL3dwLWNvbnRlbnRcL3VwbG9hZHNcLzIwMjNcLzA1XC9CQUtVLVlFU0lMVkFESS0yLmpwZyIsInNsaWRlc2hvdyI6IjQzNzZjZTgifQ%3D%3D\" href='http:\/\/ccoskuninsaat.com\/wp-content\/uploads\/2023\/05\/BAKU-YESILVADI-2.jpg'><img loading=\"lazy\" width=\"150\" height=\"150\" src=\"http:\/\/ccoskuninsaat.com\/wp-content\/uploads\/2023\/05\/BAKU-YESILVADI-2-150x150.jpg\" class=\"attachment-thumbnail size-thumbnail\" alt=\"\" \/><\/a>\n\t\t\t<\/div><\/figure><figure class='gallery-item'>\n\t\t\t<div class='gallery-icon landscape'>\n\t\t\t\t<a data-elementor-open-lightbox=\"yes\" data-elementor-lightbox-slideshow=\"4376ce8\" data-elementor-lightbox-title=\"BAK\u00dc YE\u015e\u0130LVAD\u0130\" e-action-hash=\"#elementor-action%3Aaction%3Dlightbox%26settings%3DeyJpZCI6MjUxMiwidXJsIjoiaHR0cDpcL1wvY2Nvc2t1bmluc2FhdC5jb21cL3dwLWNvbnRlbnRcL3VwbG9hZHNcLzIwMjNcLzA1XC9CQUtVLVlFU0lMVkFESS5qcGciLCJzbGlkZXNob3ciOiI0Mzc2Y2U4In0%3D\" href='http:\/\/ccoskuninsaat.com\/wp-content\/uploads\/2023\/05\/BAKU-YESILVADI.jpg'><img loading=\"lazy\" width=\"150\" height=\"150\" src=\"http:\/\/ccoskuninsaat.com\/wp-content\/uploads\/2023\/05\/BAKU-YESILVADI-150x150.jpg\" class=\"attachment-thumbnail size-thumbnail\" alt=\"\" \/><\/a>\n\t\t\t<\/div><\/figure>\n\t\t<\/div>\n\t\t<\/div>\n\t\t\t\t<\/div>\n\t\t\t\t<\/div>\n\t\t\t\t<\/div>\n\t\t\t\t\t<\/div>\n\t\t\t\t<\/div>\n\t\t<div class=\"elementor-element elementor-element-b25b2c6 e-con-boxed e-con\" data-id=\"b25b2c6\" data-element_type=\"container\" data-settings=\"{&quot;content_width&quot;:&quot;boxed&quot;}\">\n\t\t\t\t\t<div class=\"e-con-inner\">\n\t\t<div class=\"elementor-element elementor-element-c09e5d7 e-con-full e-con\" data-id=\"c09e5d7\" data-element_type=\"container\" data-settings=\"{&quot;content_width&quot;:&quot;full&quot;}\">\n\t\t\t\t<div class=\"elementor-element elementor-element-f30fa47 elementor-widget elementor-widget-text-editor\" data-id=\"f30fa47\" data-element_type=\"widget\" data-widget_type=\"text-editor.default\">\n\t\t\t\t<div class=\"elementor-widget-container\">\n\t\t\t\t\t\t\t<h5>\u00c7ANKIRI \u0130N\u015eAAT<\/h5><h5><strong>IRAK \/ ERB\u0130L<\/strong><\/h5><p><strong>Proje \u0130\u00e7eri\u011fi:<\/strong> Erbil 1008 Adet Toplu Konutlar\u0131 \u0130n\u015faat\u0131, \u0130nce \u0130\u015fler Projesi.<\/p>\t\t\t\t\t\t<\/div>\n\t\t\t\t<\/div>\n\t\t\t\t<\/div>\n\t\t<div class=\"elementor-element elementor-element-e912ed3 e-con-full e-con\" data-id=\"e912ed3\" data-element_type=\"container\" data-settings=\"{&quot;content_width&quot;:&quot;full&quot;}\">\n\t\t\t\t<div class=\"elementor-element elementor-element-a32b2e8 elementor-widget elementor-widget-image-gallery\" data-id=\"a32b2e8\" data-element_type=\"widget\" data-widget_type=\"image-gallery.default\">\n\t\t\t\t<div class=\"elementor-widget-container\">\n\t\t\t\t\t<div class=\"elementor-image-gallery\">\n\t\t\t<div id='gallery-3' class='gallery galleryid-1847 gallery-columns-4 gallery-size-thumbnail'><figure class='gallery-item'>\n\t\t\t<div class='gallery-icon landscape'>\n\t\t\t\t<a data-elementor-open-lightbox=\"yes\" data-elementor-lightbox-slideshow=\"a32b2e8\" data-elementor-lightbox-title=\"1\" e-action-hash=\"#elementor-action%3Aaction%3Dlightbox%26settings%3DeyJpZCI6MjUyMiwidXJsIjoiaHR0cDpcL1wvY2Nvc2t1bmluc2FhdC5jb21cL3dwLWNvbnRlbnRcL3VwbG9hZHNcLzIwMjNcLzA1XC8xLTEuanBnIiwic2xpZGVzaG93IjoiYTMyYjJlOCJ9\" href='http:\/\/ccoskuninsaat.com\/wp-content\/uploads\/2023\/05\/1-1.jpg'><img loading=\"lazy\" width=\"150\" height=\"150\" src=\"http:\/\/ccoskuninsaat.com\/wp-content\/uploads\/2023\/05\/1-1-150x150.jpg\" class=\"attachment-thumbnail size-thumbnail\" alt=\"\" \/><\/a>\n\t\t\t<\/div><\/figure><figure class='gallery-item'>\n\t\t\t<div class='gallery-icon landscape'>\n\t\t\t\t<a data-elementor-open-lightbox=\"yes\" data-elementor-lightbox-slideshow=\"a32b2e8\" data-elementor-lightbox-title=\"10.jpg_fl\" e-action-hash=\"#elementor-action%3Aaction%3Dlightbox%26settings%3DeyJpZCI6MjUyMywidXJsIjoiaHR0cDpcL1wvY2Nvc2t1bmluc2FhdC5jb21cL3dwLWNvbnRlbnRcL3VwbG9hZHNcLzIwMjNcLzA1XC8xMC5qcGdfZmwuanBnIiwic2xpZGVzaG93IjoiYTMyYjJlOCJ9\" href='http:\/\/ccoskuninsaat.com\/wp-content\/uploads\/2023\/05\/10.jpg_fl.jpg'><img loading=\"lazy\" width=\"150\" height=\"150\" src=\"http:\/\/ccoskuninsaat.com\/wp-content\/uploads\/2023\/05\/10.jpg_fl-150x150.jpg\" class=\"attachment-thumbnail size-thumbnail\" alt=\"\" \/><\/a>\n\t\t\t<\/div><\/figure><figure class='gallery-item'>\n\t\t\t<div class='gallery-icon landscape'>\n\t\t\t\t<a data-elementor-open-lightbox=\"yes\" data-elementor-lightbox-slideshow=\"a32b2e8\" data-elementor-lightbox-title=\"12.JPG_fl\" e-action-hash=\"#elementor-action%3Aaction%3Dlightbox%26settings%3DeyJpZCI6MjUyNCwidXJsIjoiaHR0cDpcL1wvY2Nvc2t1bmluc2FhdC5jb21cL3dwLWNvbnRlbnRcL3VwbG9hZHNcLzIwMjNcLzA1XC8xMi5KUEdfZmwuanBnIiwic2xpZGVzaG93IjoiYTMyYjJlOCJ9\" href='http:\/\/ccoskuninsaat.com\/wp-content\/uploads\/2023\/05\/12.JPG_fl.jpg'><img loading=\"lazy\" width=\"150\" height=\"150\" src=\"http:\/\/ccoskuninsaat.com\/wp-content\/uploads\/2023\/05\/12.JPG_fl-150x150.jpg\" class=\"attachment-thumbnail size-thumbnail\" alt=\"\" \/><\/a>\n\t\t\t<\/div><\/figure>\n\t\t<\/div>\n\t\t<\/div>\n\t\t\t\t<\/div>\n\t\t\t\t<\/div>\n\t\t\t\t<\/div>\n\t\t\t\t\t<\/div>\n\t\t\t\t<\/div>\n\t\t\t\t\t\t\t<\/div>\n\t\t","protected":false},"excerpt":{"rendered":"<p>Yurt D\u0131\u015f\u0131 Projeler STAB\u0130L M.M.C.\/ D\u0130A HOLD\u0130NG AZERBAYCAN BAK\u00dc Proje \u0130\u00e7eri\u011fi: Bilgeh 80 Adet Villa \u0130n\u015faat\u0131, \u0130nce \u0130\u015fler Projesi. EL-SERV\u0130S MMC \/ D\u0130A HOLD\u0130NG AZERBAYCAN BAK\u00dc Proje \u0130\u00e7eri\u011fi: Bak\u00fc Premium 53 Adet Villa \u0130n\u015faat\u0131, \u0130nce \u0130\u015fler Projesi. \u00c7ANKIRI \u0130N\u015eAAT IRAK \/ ERB\u0130L Proje \u0130\u00e7eri\u011fi: Erbil 1008 Adet Toplu Konutlar\u0131 \u0130n\u015faat\u0131, \u0130nce \u0130\u015fler Projesi.<\/p>\n","protected":false},"author":1,"featured_media":0,"parent":0,"menu_order":0,"comment_status":"closed","ping_status":"closed","template":"elementor_header_footer","meta":{"footnotes":""},"class_list":["post-1847","page","type-page","status-publish","hentry"],"blocksy_meta":{"styles_descriptor":{"styles":{"desktop":"","tablet":"","mobile":""},"google_fonts":[],"version":5}},"_links":{"self":[{"href":"http:\/\/ccoskuninsaat.com\/index.php\/wp-json\/wp\/v2\/pages\/1847","targetHints":{"allow":["GET"]}}],"collection":[{"href":"http:\/\/ccoskuninsaat.com\/index.php\/wp-json\/wp\/v2\/pages"}],"about":[{"href":"http:\/\/ccoskuninsaat.com\/index.php\/wp-json\/wp\/v2\/types\/page"}],"author":[{"embeddable":true,"href":"http:\/\/ccoskuninsaat.com\/index.php\/wp-json\/wp\/v2\/users\/1"}],"replies":[{"embeddable":true,"href":"http:\/\/ccoskuninsaat.com\/index.php\/wp-json\/wp\/v2\/comments?post=1847"}],"version-history":[{"count":37,"href":"http:\/\/ccoskuninsaat.com\/index.php\/wp-json\/wp\/v2\/pages\/1847\/revisions"}],"predecessor-version":[{"id":2537,"href":"http:\/\/ccoskuninsaat.com\/index.php\/wp-json\/wp\/v2\/pages\/1847\/revisions\/2537"}],"wp:attachment":[{"href":"http:\/\/ccoskuninsaat.com\/index.php\/wp-json\/wp\/v2\/media?parent=1847"}],"curies":[{"name":"wp","href":"https:\/\/api.w.org\/{rel}","templated":true}]}}